 Give c(v).
-8
Let z = 23 - 14. Let g be z + -7 - 1*-3. Let a(c) = -7 - c**2 + 5 - 4 + 6*c. Determine a(g).
-1
Let n(c) = 6*c - 7*c**2 - 5*c**3 + 6*c**3 + 4 - 5. Calculate n(6).
-1
Let q be 7/(-4) + 1/(-4). Let c(w) = 2*w**2 + 3*w**3 - 4*w**3 - 4*w**2 + 0*w**2. What is c(q)?
0
Let f(x) = -x**2 - x - 11. Let w = -12 - -12. Suppose -2*t = -w*t. Determine f(t).
-11
Let a be 1 - (0 - (-1 - -2)). Suppose a*x = -3*u - 2*x + 20, -u + 4*x - 20 = 0. Let g(y) = 4 + u*y - 4*y + 2*y. Determine g(5).
-6
Let z(h) = -h**3 - 12*h**2 + h + 16. Let j be z(-12). Let d = 3 - j. Let m(k) = -8*k - 1. What is m(d)?
7
Suppose 0 = 3*h - 5*h + 6. Let c(w) be the third derivative of 1/3*w**3 + 0 + 0*w - 1/24*w**4 - h*w**2. Determine c(1).
1
Suppose o - 3*v + 6*v = 12, 3*v = -5*o + 24. Let p(i) = i**3 - 2*i**2 - 5*i + 3. Calculate p(o).
-3
Let x(i) = -3*i + 2. Let q(v) = 2*v - 1. Let k(y) = -5*q(y) - 4*x(y). Determine k(3).
3
Suppose 2 - 11 = -3*o. Suppose -t = o - 6. Let u(v) be the first derivative of -v**3/3 + v**2 - v + 10. Calculate u(t).
-4
Let s(b) = -b**3 - 4*b**2 + b + 1. Let p be s(-4). Let w(y) = 2*y. Determine w(p).
-6
Let b(w) = -w**3 - 5*w**2 - 2*w + 2. Let g be b(-4). Let o(h) = 10 - 4*h + h**2 + 10*h - 2. What is o(g)?
8
Let x(i) = i + 1 - 8*i**3 - i**2 + 0*i**2 + 0 + 25*i**3. Calculate x(-1).
-18
Let r(f) = -4*f**3 + 2*f**2 - f + 4. Let v(t) = t**3 - t**2 - t. Let o(d) = -r(d) - 5*v(d). Let j be 1/(-3) + 13/3. Calculate o(j).
4
Suppose 0 = -t + 2*t + 5*h + 4, -4*t - 5*h - 1 = 0. Let m(b) = -4 + 1 - t - 3*b + 1 + 2*b**2. What is m(3)?
6
Let n(p) = 8*p**2 + 2*p + 1. Let j = 1 - 2. Calculate n(j).
7
Let h(p) = 3*p**2 - p - 1. Let u(j) = j**3 - 5*j**2 + 4*j - 1. Suppose 3*t - o - 9 - 5 = 0, 14 = t - 5*o. Let f be u(t). Give h(f).
3
Let x(p) = -p**3 + 4*p**2 - p - 2. Let d be (-6)/(-8)*6*(-10)/(-15). Give x(d).
4
Let u(d) = -4*d**2 + 12*d**2 + 3 - 9*d**2 + 6*d. Calculate u(5).
8
Let p(l) = -6 + 37 - 19 - 3*l. Give p(9).
-15
Let l(i) = i - 13. Let t be l(10). Let q = t - -4. Let w(j) = 0*j - j + 2 - q. Determine w(3).
-2
Let p(j) = j**2 + 3*j - 2. Suppose -5*v - 30 = -5*z, 10 = -3*v - 4*z + 6. What is p(v)?
2
Let t(p) = -p**2 - 1. Suppose -5*c + 20 = 0, -2*c + 10 = -2*k - 0*k. Give t(k).
-2
Let o(b) = b - 4. Let j be ((7 - 1 - 2) + 3)/(-1). Give o(j).
-11
Let s(h) = 5*h**2 - h - 6. Let z(f) = f**2 - 1. Let w(r) = s(r) - 4*z(r). Suppose 20 = 4*a - 4*p, -5*a - 3*p + 22 = -7*p. Give w(a).
0
Let u(n) = n - 7. Let t be u(12). Suppose 3*z + 17 = t*f, 7*f + z = 3*f + 17. Let w(h) = 2*h - 5. What is w(f)?
3
Let m(q) = 16*q + 5 - q**3 + 8 - 4*q**3 - 7*q**2. Let u(p) = -p**3 - 2*p**2 + 4*p + 3. Let h(z) = -2*m(z) + 9*u(z). What is h(3)?
4
Let f(g) = -g**3 - 4*g**2 + 6*g + 3. Let s(h) = -h**2 - 7*h - 11. Let o be s(-6). Give f(o).
-2
Let h(j) = -5*j**3 - 27*j**2 + 18*j + 12. Let t(i) = -2*i**3 - 13*i**2 + 9*i + 6. Let a(q) = 3*h(q) - 7*t(q). Give a(9).
-6
Suppose 2*q - 3*d - 7 = q, -4*q - 5*d = -11. Suppose -12 = -2*c - c. Let s(j) = -j + c - 4. What is s(q)?
-4
Suppose -2*v - 10 = -7*v. Let w be 15/(-4) - v/8. Let s(b) = b**3 + 5*b**2 + 4*b + 1. Calculate s(w).
1
Let j be (8 - 7)*(0 - 1). Let y(v) be the second derivative of 0 - v - 5/12*v**4 - 1/6*v**3 + 0*v**2. Give y(j).
-4
Let r(n) = -2 - 5*n + 2 - 4. Suppose -5 - 10 = 5*y. Calculate r(y).
11
Let z(v) = -9*v**2 - v. Let g be z(-2). Let l(y) = -y + 3. Let d(r) = -5*r + 17. Let h(q) = g*l(q) + 6*d(q). What is h(-3)?
-12
Let b(h) = -h**2 + 3*h + 5. Let n be b(4). Let g(t) be the second derivative of 7*t**4/12 + t**3/6 - t**2/2 + 31*t. What is g(n)?
7
Let t(b) = -b**3 - 3*b**2 + 4*b + 3. Let s be -2 + (15 - -1) + -2. Suppose -s = -3*d - 0. Suppose -8 = d*k - 4*v, -4*k + 5*v - 1 = 5. Calculate t(k).
3
Let i(z) = -1 - 3*z**2 + 4*z**2 - 1. Calculate i(-3).
7
Let k(t) = -8*t + 216 + 0*t - 215. Let u be 0 + 0 + 0 + -1. What is k(u)?
9
Let d(u) = -u**2 - 16*u + 5. Let c be d(-17). Let l(g) = -g**2 - 13*g - 18. Calculate l(c).
-6
Let y(c) = -5*c - 9. Let s(h) = 3*h + 5. Let t(j) = 11*s(j) + 6*y(j). Determine t(-1).
-2
Suppose a = 3*g, -5*a - 4*g + 0 - 19 = 0. Let x(j) = -j**3 - 3*j**2 + j + 3. What is x(a)?
0
Let s(f) = -f. Let h be s(7). Let j = h + 5. Let u(a) = 3*a. What is u(j)?
-6
Let n(v) = v**2 + v. Let s(b) = b**3 + 8*b**2 - 10*b - 10. Let y be s(-9). Let k(u) = -2*u**3 - u**2 + u + 1. Let i be k(y). Give n(i).
2
Let p be 5/1 - 2 - -2. Suppose 4*i - 3*o = 2*o - 25, -5 = -p*o. Let x(v) = -2*v + 2. Let b(l) = 3*l - 3. Let n(a) = -3*b(a) - 5*x(a). What is n(i)?
-6
Suppose -s - 4*k = -0*s - 15, -3*s + 3*k = 15. Let r(o) = 2*o. What is r(s)?
-2
Let g be 0*((-4)/(-2))/(-4). Let q(n) = n**3 + n - 3. What is q(g)?
-3
Let n(u) = 11*u - 13*u + 5*u. Determine n(5).
15
Let h(j) = -j + 4*j - j**3 + 0*j**3 + 4*j**2 - 5. Let w(o) = 4 - 4*o**2 + 0*o**3 - 5*o**3 + 4*o**3. Let f be w(-4). Determine h(f).
7
Let r(v) = 12*v**3 - 1. Suppose 0 = 3*c + 72 - 69. Calculate r(c).
-13
Let i(k) = 6*k + 0*k + 4 + 6*k - 13*k. What is i(4)?
0
Let u(s) be the third derivative of -s**4/24 - 2*s**3/3 + s**2. Let r be (-1 - -3) + -3 - -3. Let q = 3 + r. Give u(q).
-9
Let z be -3 + 1 - -3 - -1. Suppose -z*s - 3*s = -h + 20, -20 = h + 5*s. Let u(i) = -i - 4. Calculate u(h).
-4
Let l(m) = -5*m**2 - 4*m + 2. Let t be 34/8 + 3/(-12). Let y(a) = -3*a**2 - 2*a + 1. Let v(u) = t*l(u) - 7*y(u). Let q be (6/9)/(1/3). Give v(q).
1
Let k(w) = 1 - 1 - w**2 + 7 + 7*w. Calculate k(8).
-1
Let h(v) = -6 + v + 5*v - 4*v. Suppose 0 = -2*t - 3*d + 5, d = -t + 4*d + 7. Calculate h(t).
2
Let k be 2 - (-3 + (2 - 3)). Let y be (-165)/(-22)*4/k. Let j(f) be the second derivative of f**5/20 - f**4/3 - 2*f**3/3 - 7*f**2/2 + f. Give j(y).
-2
Let x(d) be the first derivative of -d**4/4 - 5*d**3/3 + 3*d**2 - 7*d + 1. Let f(c) = c**3 + 2*c**2 - c. Let p be f(-3). Give x(p).
-7
Let l = -10 - -6. Let h(x) = 2*x - 1. Give h(l).
-9
Let s(a) = -6*a**2 - 1. Suppose 2*g + 8 = 4*g. Suppose -2*z + 2 = g. Determine s(z).
-7
Let x(m) = m - 7. Let b = -17 + 11. Let n = b - -11. Determine x(n).
-2
Let s(m) = -5*m + 2 + 0 + 1 - 4. Suppose -5*i = -i + 4. Determine s(i).
4
Suppose 0 = -w + 5*w + 4*h - 40, -3*w + 3*h + 48 = 0. Suppose 0 = -i - 4*x - 22, -3 = 2*i + x + w. Let d(b) = b**3 + 5*b**2 - 8*b - 4. Determine d(i).
8
Let c(t) = -t + 7. Let s be c(12). Let i(g) = -g**3 - 4*g**2 + 4*g. Give i(s).
5
Let q(r) be the third derivative of 1/120*r**6 + 1/15*r**5 - 5/24*r**4 + 0*r + 1/3*r**3 + 6*r**2 + 0. Calculate q(-5).
2
Let l(w) = -w**3 - w**2 + 3. Let c = 6 - 6. Let d be l(c). Suppose 7*y = 4*y + d*p, 2*y - 4 = p. Let u(r) = r. What is u(y)?
4
Let s(t) be the first derivative of -t**3/3 + 4*t**2 - 8*t - 10. Give s(6).
4
Let m(q) = q**2 - 5*q - 2. Let b be m(6). Let o(k) be the second derivative of -k - 1/6*k**b + 1/2*k**2 + 0 - 1/3*k**3. Determine o(-2).
-3
Let u(t) = -4*t**2 + 0 + 4 - 1 + t + 3*t**2. Give u(0).
3
Let u = -3 - -3. Let y = 2 + u. Let m(g) = 7*g - g + 4*g**y - 5*g**2. Give m(5).
5
Let x(q) = -q + 1. Let z(c) = 7*c - 10. Let r(k) = -4*x(k) - z(k). Let o = -41 - -45. What is r(o)?
-6
Suppose -s + 0 = 1. Let g(t) = -123 + 6*t + 123. What is g(s)?
-6
Let l(i) be the second derivative of i**6/360 + i**5/40 - 5*i**4/24 + i**3/3 - 2*i. Let d(b) be the second derivative of l(b). Let r = 8 + -12. Calculate d(r).
-1
Let c(g) = -g + 2. Let t = 6 + 15. Suppose 3*n - t = -n - f, -5 = 5*n - 5*f. Suppose k - 2 = -3*l, n*k + 3*l = -4 - 6. Give c(k).
6
Let b(z) = -z**3 + 6*z**2 - 3*z. Let o(n) = -2*n**3 - 2*n**2 + 2*n + 2. Let s be o(-2). Determine b(s).
-18
Let o(b) = -b**2 + 4. Let r = 51 + -47. Determine o(r).
-12
Let r(y) be the third derivative of y**4/12 + 7*y**3/6 + y**2. Let k = 383 + -388. Calculate r(k).
-3
Let y(w) = w**2 - 4*w - 1. Let z(o) = o**2 - 4*o. Let j(d) = -7*y(d) + 6*z(d). Suppose 4*x = -x - 4*r + 13, 2*r = 3*x - 21. Calculate j(x).
2
Let g(r) = 1 + 1 - 2*r - 1. Determine g(-5).
11
Let k(f) = -f**2 + 2*f - 3. Let y(c) = -3*c**2 + 6*c - 8. Let m(u) = -11*k(u) + 4*y(u). Give m(-1).
-2
Let s(b) = -4 - 2*b**3 - 7*b + 5 + 6*b. What is s(2)?
-17
Let d(j) be the third derivative of j**5/60 + 7*j**4/24 + j**3/2 - 24*j**2. What is d(-5)?
-7
Let n(h) = 4*h - 17. Let m(a) = -2*a + 8. Let b(q) = 5*m(q) + 3*n(q). Determine b(8).
5
Let x = -6 - -6. Let a(i) be the third derivative of i*